mmon divisor of 27 and 216.
27
Calculate the highest common divisor of 20 and 410.
10
What is the highest common divisor of 319 and 3944?
29
Calculate the greatest common factor of 155 and 1984.
31
What is the highest common factor of 412 and 721?
103
What is the greatest common factor of 5562 and 6?
6
What is the greatest common factor of 1745 and 5?
5
Calculate the greatest common factor of 235 and 40.
5
Calculate the greatest common factor of 60 and 1284.
12
Calculate the highest common factor of 60 and 550.
10
Calculate the greatest common factor of 3777 and 21.
3
What is the greatest common factor of 132 and 44?
44
What is the highest common divisor of 516 and 36?
12
What is the highest common divisor of 128 and 48?
16
Calculate the greatest common factor of 441 and 49.
49
Calculate the greatest common factor of 375 and 600.
75
What is the greatest common factor of 2 and 373?
1
What is the greatest common factor of 16 and 224?
16
Calculate the highest common factor of 342 and 12.
6
Calculate the greatest common divisor of 25511 and 263.
263
Calculate the greatest common factor of 5 and 1790.
5
Calculate the highest common factor of 1284 and 24.
12
What is the greatest common divisor of 714 and 273?
21
What is the greatest common factor of 207 and 3519?
207
What is the greatest common factor of 132 and 12?
12
Calculate the highest common factor of 30 and 65.
5
Calculate the highest common factor of 46 and 943.
23
Calculate the greatest common divisor of 2525 and 25.
25
What is the highest common factor of 21 and 5649?
21
Calculate the greatest common divisor of 16 and 688.
16
Calculate the highest common divisor of 84 and 492.
12
What is the greatest common divisor of 14 and 70?
14
What is the greatest common divisor of 3305 and 15?
5
What is the highest common factor of 5 and 495?
5
What is the greatest common factor of 37 and 2183?
37
Calculate the highest common divisor of 12 and 28.
4
Calculate the highest common factor of 4 and 4764.
4
Calculate the greatest common divisor of 1539 and 57.
57
Calculate the highest common divisor of 15880 and 80.
40
Calculate the highest common divisor of 29 and 6119.
29
Calculate the greatest common divisor of 12 and 20.
4
Calculate the highest common factor of 113 and 35369.
113
Calculate the highest common factor of 3168 and 55.
11
What is the highest common divisor of 328 and 16?
8
Calculate the greatest common factor of 285 and 475.
95
What is the highest common factor of 119 and 21?
7
Calculate the greatest common divisor of 60 and 390.
30
What is the highest common divisor of 11 and 32?
1
Calculate the highest common factor of 800 and 96.
32
Calculate the highest common divisor of 2 and 11.
1
Calculate the highest common factor of 43 and 688.
43
Calculate the highest common factor of 4 and 7502.
2
What is the greatest common divisor of 175 and 245?
35
Calculate the greatest common divisor of 37 and 9953.
37
Calculate the highest common divisor of 165 and 198.
33
What is the greatest common divisor of 1551 and 564?
141
Calculate the greatest common factor of 57 and 2.
1
What is the greatest common factor of 434 and 644?
14
What is the highest common factor of 10560 and 1344?
192
What is the highest common factor of 153 and 24021?
153
What is the highest common factor of 238 and 43078?
238
Calculate the greatest common divisor of 72 and 576.
72
Calculate the highest common divisor of 54 and 234.
18
Calculate the highest common factor of 116 and 2494.
58
Calculate the greatest common factor of 2088 and 58.
58
Calculate the highest common factor of 432 and 378.
54
Calculate the greatest common factor of 5644 and 476.
68
Calculate the greatest common divisor of 40 and 56.
8
What is the highest common factor of 272 and 85?
17
What is the highest common divisor of 79 and 23858?
79
What is the highest common divisor of 9877 and 119?
119
What is the greatest common factor of 735 and 10780?
245
Calculate the highest common factor of 3576 and 72.
24
Calculate the highest common factor of 20 and 530.
10
Calculate the highest common divisor of 81 and 891.
81
Calculate the greatest common factor of 60 and 7635.
15
What is the greatest common divisor of 5586 and 1482?
114
Calculate the highest common divisor of 60 and 940.
20
Calculate the greatest common factor of 3952 and 3211.
247
What is the highest common factor of 24 and 201?
3
Calculate the highest common factor of 747 and 4565.
83
What is the highest common factor of 832 and 1157?
13
Calculate the greatest common factor of 297 and 459.
27
Calculate the greatest common factor of 11 and 167.
1
Calculate the highest common factor of 5 and 215.
5
What is the highest common divisor of 7423 and 13?
13
What is the highest common divisor of 1206 and 504?
18
What is the highest common divisor of 96 and 46496?
32
What is the highest common divisor of 6 and 1071?
3
What is the highest common divisor of 111 and 1221?
111
What is the highest common factor of 625 and 275?
25
Calculate the greatest common factor of 11333 and 7.
7
Calculate the greatest common divisor of 8 and 64.
8
What is the greatest common divisor of 117 and 15?
3
What is the greatest common divisor of 3074 and 424?
106
Calculate the greatest common factor of 240 and 3260.
20
What is the highest common factor of 8 and 18?
2
What is the highest common divisor of 7 and 71?
1
What is the highest common factor of 315 and 7455?
105
Calculate the highest common divisor of 36797 and 31.
31
Calculate the highest common divisor of 216 and 288.
72
What is the greatest common factor of 637 and 182?
91
What is the highest common factor of 80 and 88?
8
What is the greatest common factor of 37 and 3?
1
Calculate the highest common divisor of 145 and 928.
29
Calculate the greatest common factor of 29 and 1.
1
Calculate the highest common factor of 549 and 5856.
183
Calculate the greatest common divisor of 228 and 12.
12
Calculate the highest common divisor of 170 and 10.
10
What is the greatest common divisor of 12180 and 84?
84
What is the greatest common factor of 91 and 2?
1
What is the greatest common factor of 216 and 456?
24
What is the highest common divisor of 144 and 1899?
9
What is the highest common divisor of 122 and 8?
2
What is the greatest common factor of 4598 and 456?
38
Calculate the greatest common factor of 76 and 1216.
76
Calculate the greatest common factor of 1 and 347.
1
What is the highest common factor of 26 and 169?
13
Calculate the highest common divisor of 2076 and 24.
12
Calculate the greatest common factor of 155 and 15035.
155
What is the greatest common divisor of 173 and 346?
173
Calculate the highest common factor of 341 and 11.
11
What is the greatest common divisor of 1936 and 2288?
176
Calculate the greatest common divisor of 1224 and 66.
6
Calculate the greatest common factor of 16 and 944.
16
What is the highest common divisor of 384 and 1216?
64
What is the highest common divisor of 506 and 22?
22
What is the highest common factor of 7 and 12?
1
What is the highest common divisor of 400 and 250?
50
Calculate the greatest common divisor of 60 and 96.
12
Calculate the greatest common divisor of 493 and 1054.
17
Calculate the greatest common divisor of 648 and 90.
18
What is the greatest common divisor of 288 and 648?
72
What is the highest common divisor of 1296 and 384?
48
What is the greatest common divisor of 105 and 60?
15
What is the highest common factor of 8 and 512?
8
What is the highest common divisor of 126 and 532?
14
What is the greatest common divisor of 9 and 207?
9
What is the greatest common factor of 264 and 24?
24
Calculate the highest common divisor of 592 and 740.
148
Calculate the greatest common divisor of 35 and 343.
7
What is the highest common divisor of 49 and 49?
49
What is the greatest common factor of 979 and 22?
11
What is the greatest common divisor of 64 and 3?
1
What is the greatest common divisor of 3 and 411?
3
Calculate the highest common factor of 58 and 14.
2
What is the highest common factor of 232 and 32?
8
Calculate the greatest common divisor of 85 and 100.
5
What is the greatest common divisor of 10 and 475?
5
Calculate the highest common factor of 1778 and 14.
14
What is the greatest common factor of 19 and 323?
19
Calculate t